{"id":619,"date":"2018-09-05T10:09:09","date_gmt":"2018-09-05T10:09:09","guid":{"rendered":"http:\/\/editorial.tulibrodefp.es\/?page_id=619"},"modified":"2018-09-05T10:09:09","modified_gmt":"2018-09-05T10:09:09","slug":"emprendeplanet","status":"publish","type":"page","link":"https:\/\/www.editorialtulibro.es\/tulibrodefp\/emprendeplanet\/","title":{"rendered":"EMPRENDEPLANET"},"content":{"rendered":"<p>[vc_row][vc_column][vc_single_image image=\u00bb610&#8243; img_size=\u00bbFULL\u00bb alignment=\u00bbcenter\u00bb][\/vc_column][\/vc_row][vc_row][vc_column][vc_column_text]<\/p>\n<p style=\"text-align: center\">El plan de empresa online es ahora EMPRENDEPLANET<\/p>\n<p>&nbsp;<\/p>\n<p><strong>El nuevo videojuego de EmprendePlanet<\/strong>\u00a0<strong>sustituye al Plan de Empresa Online<\/strong>\u00a0y que muchos de vosotros ven\u00edais utilizando con nosotros en cursos anteriores.<\/p>\n<p><span class=\"im\"><br \/>\nEn primer lugar, pediros disculpas por el retraso a quienes ven\u00edais usando el Plan de Empresa Online, pero hemos preferido esperarnos para sacar una aplicaci\u00f3n con garant\u00edas de funcionamiento.<\/span><\/p>\n<p><span class=\"im\"><br \/>\nEmprendePlanet\u00a0<strong>MANTIENE las anteriores funciones<\/strong>\u00a0que ya realizaba el plan de empresa online:<\/span><\/p>\n<ul>\n<li>Los alumnos completan el plan de empresa en las casillas independientes y env\u00edan a revisar el trabajo al profesor.<\/li>\n<li>Los profesores pueden hacer comentarios y mejoras, las cuales reciben los alumnos, tanto en el propio plan de empresa como por mail.<\/li>\n<li>El profesor recibe al d\u00eda un solo mail, a las 8.00h, con todas las respuestas que han enviado sus alumnos.<\/li>\n<li>El plan de empresa se puede descargar en Word, por los alumnos y el profesor.<\/li>\n<li>Y nosotros nos encargamos de darles de alta a los alumnos, al igual que el a\u00f1o pasado con la hoja de Excel . Si bien el alumno tiene que activar el juego antes con la clave de activaci\u00f3n que hay detr\u00e1s de la portada del libro de EIE 2018.<\/li>\n<\/ul>\n<p>&nbsp;<\/p>\n<p><span class=\"im\"><strong>\u00bfQu\u00e9 incorpora de NUEVO?<\/strong><br \/>\n<\/span><\/p>\n<p><span class=\"im\">De manera resumida, los alumnos crear\u00e1n dentro del edificio \u201cEmprendePlanet\u201d su\u00a0<strong>propio escenario de empresa<\/strong>, donde ir\u00e1n\u00a0<strong>a\u00f1adiendo<\/strong>\u00a0<strong>objetos<\/strong>, conforme vayan completando el plan de empresa.<br \/>\nPara obtener estos objetos\u00a0<strong>necesitan unas monedas<\/strong>\u00a0que les va proporcionando el propio juego conforme completa el plan de empresa, y sobre todo\u00a0<strong>seg\u00fan la valoraci\u00f3n<\/strong><strong>que haga el profesor<\/strong>\u00a0del plan de empresa.<br \/>\nA m\u00e1s monedas que asigne el profesor, m\u00e1s objetos podr\u00e1n incorporar a su escenario de empresa.<\/span><\/p>\n<p><span class=\"im\">Para acceder al \u00e1rea de profesor utiliza el enlace\u00a0<a href=\"http:\/\/tulibrodefp.mailrelay-iv.es\/newslink\/26153\/19.html\" target=\"_blank\" rel=\"noopener\">www.emprendeplanet\/admin\/<\/a>\u00a0con las mismas claves que para acceder a los materiales en nuestra web.<\/span><\/p>\n<p>Para jugar accede directamente desde\u00a0<a href=\"http:\/\/tulibrodefp.mailrelay-iv.es\/newslink\/26153\/20.html\" target=\"_blank\" rel=\"noopener\">www.emprendeplanet.es<\/a>\u00a0con las mismas claves que para acceder a los materiales en nuestra web.<\/p>\n<p><span class=\"im\"><br \/>\nEl curso que viene esperamos sacar una versi\u00f3n m\u00e1s completa, EmprendePlanet2, que dispondr\u00e1 de una segunda fase mucho m\u00e1s interactiva entre los propios alumnos dentro del propio juego, esperamos sorprenderos.<\/span><\/p>\n<p><span class=\"im\"><br \/>\nPara cualquier duda sobre EmprendePlanet pod\u00e9is escribirnos a\u00a0<a href=\"mailto:emprendeplanetprofes@tulibrodefp.es\" target=\"_blank\" rel=\"noopener\">emprendeplanetprofes@tulibrodefp.es<\/a><\/span>[\/vc_column_text][\/vc_column][\/vc_row]<\/p>","protected":false},"excerpt":{"rendered":"<p>[vc_row][vc_column][vc_single_image image=\u00bb610&#8243; img_size=\u00bbFULL\u00bb alignment=\u00bbcenter\u00bb][\/vc_column][\/vc_row][vc_row][vc_column][vc_column_text] El plan de empresa online es ahora EMPRENDEPLANET &nbsp; El nuevo videojuego de EmprendePlanet\u00a0sustituye al Plan de Empresa Online\u00a0y que muchos de vosotros ven\u00edais utilizando con nosotros en cursos anteriores. En primer lugar, pediros disculpas por el retraso a quienes ven\u00edais usando el Plan de Empresa Online, pero hemos preferido esperarnos [&hellip;]<\/p>","protected":false},"author":1,"featured_media":0,"parent":0,"menu_order":0,"comment_status":"closed","ping_status":"closed","template":"","meta":[],"_links":{"self":[{"href":"https:\/\/www.editorialtulibro.es\/tulibrodefp\/wp-json\/wp\/v2\/pages\/619"}],"collection":[{"href":"https:\/\/www.editorialtulibro.es\/tulibrodefp\/wp-json\/wp\/v2\/pages"}],"about":[{"href":"https:\/\/www.editorialtulibro.es\/tulibrodefp\/wp-json\/wp\/v2\/types\/page"}],"author":[{"embeddable":true,"href":"https:\/\/www.editorialtulibro.es\/tulibrodefp\/wp-json\/wp\/v2\/users\/1"}],"replies":[{"embeddable":true,"href":"https:\/\/www.editorialtulibro.es\/tulibrodefp\/wp-json\/wp\/v2\/comments?post=619"}],"version-history":[{"count":0,"href":"https:\/\/www.editorialtulibro.es\/tulibrodefp\/wp-json\/wp\/v2\/pages\/619\/revisions"}],"wp:attachment":[{"href":"https:\/\/www.editorialtulibro.es\/tulibrodefp\/wp-json\/wp\/v2\/media?parent=619"}],"curies":[{"name":"wp","href":"https:\/\/api.w.org\/{rel}","templated":true}]}}